{"id":15,"date":"2024-03-22T20:01:12","date_gmt":"2024-03-22T23:01:12","guid":{"rendered":"https:\/\/clinicadramarinadiniz.com.br\/?page_id=15"},"modified":"2025-07-15T20:40:35","modified_gmt":"2025-07-15T23:40:35","slug":"especialidades","status":"publish","type":"page","link":"https:\/\/clinicadramarinadiniz.com.br\/index.php\/especialidades\/","title":{"rendered":"Especialidades"},"content":{"rendered":"\t\t<div data-elementor-type=\"wp-page\" data-elementor-id=\"15\" class=\"elementor elementor-15\" data-elementor-post-type=\"page\">\n\t\t\t\t<div class=\"elementor-element elementor-element-d116773 e-flex e-con-boxed e-con e-parent\" data-id=\"d116773\" data-element_type=\"container\" data-e-type=\"container\" data-settings=\"{&quot;background_background&quot;:&quot;classic&quot;}\">\n\t\t\t\t\t<div class=\"e-con-inner\">\n\t\t\t\t<div class=\"elementor-element elementor-element-aaf9168 elementor-widget elementor-widget-heading\" data-id=\"aaf9168\" data-element_type=\"widget\" data-e-type=\"widget\" data-widget_type=\"heading.default\">\n\t\t\t\t<div class=\"elementor-widget-container\">\n\t\t\t\t\t<h2 class=\"elementor-heading-title elementor-size-default\"><a href=\"https:\/\/clinicadramarinadiniz.com.br\/index.php\/especialidades\/\">Especialidades<\/a><\/h2>\t\t\t\t<\/div>\n\t\t\t\t<\/div>\n\t\t\t\t<div class=\"elementor-element elementor-element-3f1bc4c elementor-widget elementor-widget-heading\" data-id=\"3f1bc4c\" data-element_type=\"widget\" data-e-type=\"widget\" data-widget_type=\"heading.default\">\n\t\t\t\t<div class=\"elementor-widget-container\">\n\t\t\t\t\t<h2 class=\"elementor-heading-title elementor-size-default\">Cuidados Personalizados para Sua Beleza\n<\/h2>\t\t\t\t<\/div>\n\t\t\t\t<\/div>\n\t\t\t\t\t<\/div>\n\t\t\t\t<\/div>\n\t\t<div class=\"elementor-element elementor-element-06cc8bd e-flex e-con-boxed e-con e-parent\" data-id=\"06cc8bd\" data-element_type=\"container\" data-e-type=\"container\">\n\t\t\t\t\t<div class=\"e-con-inner\">\n\t\t\t\t<div class=\"elementor-element elementor-element-b185a69 e-n-tabs-mobile elementor-widget elementor-widget-n-tabs\" data-id=\"b185a69\" data-element_type=\"widget\" data-e-type=\"widget\" data-settings=\"{&quot;horizontal_scroll&quot;:&quot;disable&quot;}\" data-widget_type=\"nested-tabs.default\">\n\t\t\t\t<div class=\"elementor-widget-container\">\n\t\t\t\t\t\t\t<div class=\"e-n-tabs\" data-widget-number=\"186145385\" aria-label=\"Abas. Abra itens com &quot;Enter&quot; ou &quot;Espa\u00e7o&quot;, feche com &quot;Escape&quot; e navegue usando as teclas de &quot;Seta&quot;.\">\n\t\t\t<div class=\"e-n-tabs-heading\" role=\"tablist\">\n\t\t\t\t\t<button id=\"e-n-tab-title-1861453851\" data-tab-title-id=\"e-n-tab-title-1861453851\" class=\"e-n-tab-title\" aria-selected=\"true\" data-tab-index=\"1\" role=\"tab\" tabindex=\"0\" aria-controls=\"e-n-tab-content-1861453851\" style=\"--n-tabs-title-order: 1;\">\n\t\t\t\t\t\t<span class=\"e-n-tab-title-text\">\n\t\t\t\tHarmoniza\u00e7\u00e3o Facial\t\t\t<\/span>\n\t\t<\/button>\n\t\t\t\t<button id=\"e-n-tab-title-1861453852\" data-tab-title-id=\"e-n-tab-title-1861453852\" class=\"e-n-tab-title\" aria-selected=\"false\" data-tab-index=\"2\" role=\"tab\" tabindex=\"-1\" aria-controls=\"e-n-tab-content-1861453852\" style=\"--n-tabs-title-order: 2;\">\n\t\t\t\t\t\t<span class=\"e-n-tab-title-text\">\n\t\t\t\tTratamentos Faciais\t\t\t<\/span>\n\t\t<\/button>\n\t\t\t\t<button id=\"e-n-tab-title-1861453853\" data-tab-title-id=\"e-n-tab-title-1861453853\" class=\"e-n-tab-title\" aria-selected=\"false\" data-tab-index=\"3\" role=\"tab\" tabindex=\"-1\" aria-controls=\"e-n-tab-content-1861453853\" style=\"--n-tabs-title-order: 3;\">\n\t\t\t\t\t\t<span class=\"e-n-tab-title-text\">\n\t\t\t\tLavieen\t\t\t<\/span>\n\t\t<\/button>\n\t\t\t\t<button id=\"e-n-tab-title-1861453854\" data-tab-title-id=\"e-n-tab-title-1861453854\" class=\"e-n-tab-title\" aria-selected=\"false\" data-tab-index=\"4\" role=\"tab\" tabindex=\"-1\" aria-controls=\"e-n-tab-content-1861453854\" style=\"--n-tabs-title-order: 4;\">\n\t\t\t\t\t\t<span class=\"e-n-tab-title-text\">\n\t\t\t\tLipo CIrurgica De Papada\t\t\t<\/span>\n\t\t<\/button>\n\t\t\t\t\t<\/div>\n\t\t\t<div class=\"e-n-tabs-content\">\n\t\t\t\t<div id=\"e-n-tab-content-1861453851\" role=\"tabpanel\" aria-labelledby=\"e-n-tab-title-1861453851\" data-tab-index=\"1\" style=\"--n-tabs-title-order: 1;\" class=\"e-active elementor-element elementor-element-f5bd3d7 e-grid e-con-boxed e-con e-child\" data-id=\"f5bd3d7\" data-element_type=\"container\" data-e-type=\"container\">\n\t\t\t\t\t<div class=\"e-con-inner\">\n\t\t\t\t<div class=\"elementor-element elementor-element-061e428 elementor-position-top animated-slow elementor-position-top elementor-invisible elementor-widget elementor-widget-image-box\" data-id=\"061e428\" data-element_type=\"widget\" data-e-type=\"widget\" data-settings=\"{&quot;_animation&quot;:&quot;fadeIn&quot;,&quot;_animation_delay&quot;:300}\" data-widget_type=\"image-box.default\">\n\t\t\t\t<div class=\"elementor-widget-container\">\n\t\t\t\t\t<div class=\"elementor-image-box-wrapper\"><figure class=\"elementor-image-box-img\"><img fetchpriority=\"high\" decoding=\"async\" width=\"865\" height=\"858\" src=\"https:\/\/clinicadramarinadiniz.com.br\/wp-content\/uploads\/2025\/07\/WhatsApp-Image-2025-07-15-at-12.18.23.jpeg\" class=\"attachment-full size-full wp-image-475\" alt=\"\" srcset=\"https:\/\/clinicadramarinadiniz.com.br\/wp-content\/uploads\/2025\/07\/WhatsApp-Image-2025-07-15-at-12.18.23.jpeg 865w, https:\/\/clinicadramarinadiniz.com.br\/wp-content\/uploads\/2025\/07\/WhatsApp-Image-2025-07-15-at-12.18.23-300x298.jpeg 300w, https:\/\/clinicadramarinadiniz.com.br\/wp-content\/uploads\/2025\/07\/WhatsApp-Image-2025-07-15-at-12.18.23-150x150.jpeg 150w, https:\/\/clinicadramarinadiniz.com.br\/wp-content\/uploads\/2025\/07\/WhatsApp-Image-2025-07-15-at-12.18.23-768x762.jpeg 768w\" sizes=\"(max-width: 865px) 100vw, 865px\" \/><\/figure><div class=\"elementor-image-box-content\"><h3 class=\"elementor-image-box-title\">Rinomodela\u00e7\u00e3o<\/h3><p class=\"elementor-image-box-description\">Procedimento minimamente invasivo que remodela o nariz sem cirurgia, utilizando \u00e1cido hialut\u00f4nico.<\/p><\/div><\/div>\t\t\t\t<\/div>\n\t\t\t\t<\/div>\n\t\t\t\t<div class=\"elementor-element elementor-element-5fcb7d5 elementor-position-top animated-slow elementor-position-top elementor-invisible elementor-widget elementor-widget-image-box\" data-id=\"5fcb7d5\" data-element_type=\"widget\" data-e-type=\"widget\" data-settings=\"{&quot;_animation&quot;:&quot;fadeIn&quot;,&quot;_animation_delay&quot;:300}\" data-widget_type=\"image-box.default\">\n\t\t\t\t<div class=\"elementor-widget-container\">\n\t\t\t\t\t<div class=\"elementor-image-box-wrapper\"><figure class=\"elementor-image-box-img\"><img decoding=\"async\" width=\"488\" height=\"743\" src=\"https:\/\/clinicadramarinadiniz.com.br\/wp-content\/uploads\/2025\/07\/WhatsApp-Image-2025-07-15-at-12.17.30.jpeg\" class=\"attachment-full size-full wp-image-474\" alt=\"\" srcset=\"https:\/\/clinicadramarinadiniz.com.br\/wp-content\/uploads\/2025\/07\/WhatsApp-Image-2025-07-15-at-12.17.30.jpeg 488w, https:\/\/clinicadramarinadiniz.com.br\/wp-content\/uploads\/2025\/07\/WhatsApp-Image-2025-07-15-at-12.17.30-197x300.jpeg 197w\" sizes=\"(max-width: 488px) 100vw, 488px\" \/><\/figure><div class=\"elementor-image-box-content\"><h3 class=\"elementor-image-box-title\">Preenchimento Labial<\/h3><p class=\"elementor-image-box-description\">Procedimento minimamente invasivo onde atrav\u00e9s do acido hialur\u00f4nico s\u00e3o melhorados volume, contorno e hidrata\u00e7\u00e3o, trazendo mais propor\u00e7\u00e3o a sua face.<\/p><\/div><\/div>\t\t\t\t<\/div>\n\t\t\t\t<\/div>\n\t\t\t\t<div class=\"elementor-element elementor-element-3963f4c elementor-position-top animated-slow elementor-position-top elementor-invisible elementor-widget elementor-widget-image-box\" data-id=\"3963f4c\" data-element_type=\"widget\" data-e-type=\"widget\" data-settings=\"{&quot;_animation&quot;:&quot;fadeIn&quot;,&quot;_animation_delay&quot;:300}\" data-widget_type=\"image-box.default\">\n\t\t\t\t<div class=\"elementor-widget-container\">\n\t\t\t\t\t<div class=\"elementor-image-box-wrapper\"><figure class=\"elementor-image-box-img\"><img decoding=\"async\" width=\"347\" height=\"350\" src=\"https:\/\/clinicadramarinadiniz.com.br\/wp-content\/uploads\/2025\/07\/WhatsApp-Image-2025-07-15-at-12.11.57.jpeg\" class=\"attachment-full size-full wp-image-469\" alt=\"\" srcset=\"https:\/\/clinicadramarinadiniz.com.br\/wp-content\/uploads\/2025\/07\/WhatsApp-Image-2025-07-15-at-12.11.57.jpeg 347w, https:\/\/clinicadramarinadiniz.com.br\/wp-content\/uploads\/2025\/07\/WhatsApp-Image-2025-07-15-at-12.11.57-297x300.jpeg 297w, https:\/\/clinicadramarinadiniz.com.br\/wp-content\/uploads\/2025\/07\/WhatsApp-Image-2025-07-15-at-12.11.57-150x150.jpeg 150w\" sizes=\"(max-width: 347px) 100vw, 347px\" \/><\/figure><div class=\"elementor-image-box-content\"><h3 class=\"elementor-image-box-title\">Protocolo M3D<\/h3><p class=\"elementor-image-box-description\">Preenchimento de mento(queixo), \u00e9 um dos procedimentos principais para o equil\u00edbrio do perfil facial.<\/p><\/div><\/div>\t\t\t\t<\/div>\n\t\t\t\t<\/div>\n\t\t\t\t<div class=\"elementor-element elementor-element-74fca82 elementor-position-top animated-slow elementor-position-top elementor-invisible elementor-widget elementor-widget-image-box\" data-id=\"74fca82\" data-element_type=\"widget\" data-e-type=\"widget\" data-settings=\"{&quot;_animation&quot;:&quot;fadeIn&quot;,&quot;_animation_delay&quot;:300}\" data-widget_type=\"image-box.default\">\n\t\t\t\t<div class=\"elementor-widget-container\">\n\t\t\t\t\t<div class=\"elementor-image-box-wrapper\"><figure class=\"elementor-image-box-img\"><img loading=\"lazy\" decoding=\"async\" width=\"400\" height=\"400\" src=\"https:\/\/clinicadramarinadiniz.com.br\/wp-content\/uploads\/2024\/08\/Design-sem-nome-29.png\" class=\"attachment-full size-full wp-image-436\" alt=\"\" srcset=\"https:\/\/clinicadramarinadiniz.com.br\/wp-content\/uploads\/2024\/08\/Design-sem-nome-29.png 400w, https:\/\/clinicadramarinadiniz.com.br\/wp-content\/uploads\/2024\/08\/Design-sem-nome-29-300x300.png 300w, https:\/\/clinicadramarinadiniz.com.br\/wp-content\/uploads\/2024\/08\/Design-sem-nome-29-150x150.png 150w\" sizes=\"(max-width: 400px) 100vw, 400px\" \/><\/figure><div class=\"elementor-image-box-content\"><h3 class=\"elementor-image-box-title\">Protocolo M3D<\/h3><p class=\"elementor-image-box-description\">Protocolo exclusivo para fazer de forma personalizada e estrat\u00e9gica procedimentos de  acordo com o posicionamento que voc\u00ea deseja transmitir.<\/p><\/div><\/div>\t\t\t\t<\/div>\n\t\t\t\t<\/div>\n\t\t\t\t\t<\/div>\n\t\t\t\t<\/div>\n\t\t<div id=\"e-n-tab-content-1861453852\" role=\"tabpanel\" aria-labelledby=\"e-n-tab-title-1861453852\" data-tab-index=\"2\" style=\"--n-tabs-title-order: 2;\" class=\" elementor-element elementor-element-bf40d7e e-con-full e-grid e-con e-child\" data-id=\"bf40d7e\" data-element_type=\"container\" data-e-type=\"container\">\n\t\t\t\t<div class=\"elementor-element elementor-element-f37839e elementor-position-top animated-slow elementor-position-top elementor-invisible elementor-widget elementor-widget-image-box\" data-id=\"f37839e\" data-element_type=\"widget\" data-e-type=\"widget\" data-settings=\"{&quot;_animation&quot;:&quot;fadeIn&quot;,&quot;_animation_delay&quot;:300}\" data-widget_type=\"image-box.default\">\n\t\t\t\t<div class=\"elementor-widget-container\">\n\t\t\t\t\t<div class=\"elementor-image-box-wrapper\"><figure class=\"elementor-image-box-img\"><img fetchpriority=\"high\" decoding=\"async\" width=\"865\" height=\"858\" src=\"https:\/\/clinicadramarinadiniz.com.br\/wp-content\/uploads\/2025\/07\/WhatsApp-Image-2025-07-15-at-12.18.23.jpeg\" class=\"attachment-full size-full wp-image-475\" alt=\"\" srcset=\"https:\/\/clinicadramarinadiniz.com.br\/wp-content\/uploads\/2025\/07\/WhatsApp-Image-2025-07-15-at-12.18.23.jpeg 865w, https:\/\/clinicadramarinadiniz.com.br\/wp-content\/uploads\/2025\/07\/WhatsApp-Image-2025-07-15-at-12.18.23-300x298.jpeg 300w, https:\/\/clinicadramarinadiniz.com.br\/wp-content\/uploads\/2025\/07\/WhatsApp-Image-2025-07-15-at-12.18.23-150x150.jpeg 150w, https:\/\/clinicadramarinadiniz.com.br\/wp-content\/uploads\/2025\/07\/WhatsApp-Image-2025-07-15-at-12.18.23-768x762.jpeg 768w\" sizes=\"(max-width: 865px) 100vw, 865px\" \/><\/figure><div class=\"elementor-image-box-content\"><h3 class=\"elementor-image-box-title\">Rinomodela\u00e7\u00e3o<\/h3><p class=\"elementor-image-box-description\">Procedimento minimamente invasivo que remodela o nariz sem cirurgia, utilizando \u00e1cido hialut\u00f4nico.<\/p><\/div><\/div>\t\t\t\t<\/div>\n\t\t\t\t<\/div>\n\t\t\t\t<div class=\"elementor-element elementor-element-9f9b65e elementor-position-top animated-slow elementor-position-top elementor-invisible elementor-widget elementor-widget-image-box\" data-id=\"9f9b65e\" data-element_type=\"widget\" data-e-type=\"widget\" data-settings=\"{&quot;_animation&quot;:&quot;fadeIn&quot;,&quot;_animation_delay&quot;:300}\" data-widget_type=\"image-box.default\">\n\t\t\t\t<div class=\"elementor-widget-container\">\n\t\t\t\t\t<div class=\"elementor-image-box-wrapper\"><figure class=\"elementor-image-box-img\"><img decoding=\"async\" width=\"488\" height=\"743\" src=\"https:\/\/clinicadramarinadiniz.com.br\/wp-content\/uploads\/2025\/07\/WhatsApp-Image-2025-07-15-at-12.17.30.jpeg\" class=\"attachment-full size-full wp-image-474\" alt=\"\" srcset=\"https:\/\/clinicadramarinadiniz.com.br\/wp-content\/uploads\/2025\/07\/WhatsApp-Image-2025-07-15-at-12.17.30.jpeg 488w, https:\/\/clinicadramarinadiniz.com.br\/wp-content\/uploads\/2025\/07\/WhatsApp-Image-2025-07-15-at-12.17.30-197x300.jpeg 197w\" sizes=\"(max-width: 488px) 100vw, 488px\" \/><\/figure><div class=\"elementor-image-box-content\"><h3 class=\"elementor-image-box-title\">Preenchimento Labial<\/h3><p class=\"elementor-image-box-description\">Procedimento minimamente invasivo onde atrav\u00e9s do acido hialur\u00f4nico s\u00e3o melhorados volume, contorno e hidrata\u00e7\u00e3o, trazendo mais propor\u00e7\u00e3o a sua face.<\/p><\/div><\/div>\t\t\t\t<\/div>\n\t\t\t\t<\/div>\n\t\t\t\t<div class=\"elementor-element elementor-element-08be1c3 elementor-position-top animated-slow elementor-position-top elementor-invisible elementor-widget elementor-widget-image-box\" data-id=\"08be1c3\" data-element_type=\"widget\" data-e-type=\"widget\" data-settings=\"{&quot;_animation&quot;:&quot;fadeIn&quot;,&quot;_animation_delay&quot;:300}\" data-widget_type=\"image-box.default\">\n\t\t\t\t<div class=\"elementor-widget-container\">\n\t\t\t\t\t<div class=\"elementor-image-box-wrapper\"><figure class=\"elementor-image-box-img\"><img loading=\"lazy\" decoding=\"async\" width=\"345\" height=\"341\" src=\"https:\/\/clinicadramarinadiniz.com.br\/wp-content\/uploads\/2025\/07\/WhatsApp-Image-2025-07-15-at-12.11.40.jpeg\" class=\"attachment-full size-full wp-image-468\" alt=\"\" srcset=\"https:\/\/clinicadramarinadiniz.com.br\/wp-content\/uploads\/2025\/07\/WhatsApp-Image-2025-07-15-at-12.11.40.jpeg 345w, https:\/\/clinicadramarinadiniz.com.br\/wp-content\/uploads\/2025\/07\/WhatsApp-Image-2025-07-15-at-12.11.40-300x297.jpeg 300w\" sizes=\"(max-width: 345px) 100vw, 345px\" \/><\/figure><div class=\"elementor-image-box-content\"><h3 class=\"elementor-image-box-title\">Preenchimento de Mento (Queixo)<\/h3><p class=\"elementor-image-box-description\">Preenchimento de mento(queixo), \u00e9 um dos procedimentos principais para o equil\u00edbrio do perfil facial.<\/p><\/div><\/div>\t\t\t\t<\/div>\n\t\t\t\t<\/div>\n\t\t\t\t<\/div>\n\t\t<div id=\"e-n-tab-content-1861453853\" role=\"tabpanel\" aria-labelledby=\"e-n-tab-title-1861453853\" data-tab-index=\"3\" style=\"--n-tabs-title-order: 3;\" class=\" elementor-element elementor-element-2e3cb3c e-con-full e-flex e-con e-child\" data-id=\"2e3cb3c\" data-element_type=\"container\" data-e-type=\"container\">\n\t\t\t\t<div class=\"elementor-element elementor-element-5d71dc3 elementor-position-top animated-slow elementor-position-top elementor-invisible elementor-widget elementor-widget-image-box\" data-id=\"5d71dc3\" data-element_type=\"widget\" data-e-type=\"widget\" data-settings=\"{&quot;_animation&quot;:&quot;fadeIn&quot;,&quot;_animation_delay&quot;:300}\" data-widget_type=\"image-box.default\">\n\t\t\t\t<div class=\"elementor-widget-container\">\n\t\t\t\t\t<div class=\"elementor-image-box-wrapper\"><figure class=\"elementor-image-box-img\"><img loading=\"lazy\" decoding=\"async\" width=\"344\" height=\"350\" src=\"https:\/\/clinicadramarinadiniz.com.br\/wp-content\/uploads\/2025\/07\/WhatsApp-Image-2025-07-15-at-12.12.11.jpeg\" class=\"attachment-full size-full wp-image-470\" alt=\"\" srcset=\"https:\/\/clinicadramarinadiniz.com.br\/wp-content\/uploads\/2025\/07\/WhatsApp-Image-2025-07-15-at-12.12.11.jpeg 344w, https:\/\/clinicadramarinadiniz.com.br\/wp-content\/uploads\/2025\/07\/WhatsApp-Image-2025-07-15-at-12.12.11-295x300.jpeg 295w\" sizes=\"(max-width: 344px) 100vw, 344px\" \/><\/figure><div class=\"elementor-image-box-content\"><h3 class=\"elementor-image-box-title\">Laser Lavieen<\/h3><p class=\"elementor-image-box-description\">Tratamento e processo real!\n\nA diferen\u00e7a \u00e9 n\u00edtida \u2014 mas preciso te dizer que n\u00e3o \u00e9 nessas fotos, foi na confian\u00e7a. O Lavieen \u00e9 e continua sendo meu procedimento preferido para uma pele saud\u00e1vel!<\/p><\/div><\/div>\t\t\t\t<\/div>\n\t\t\t\t<\/div>\n\t\t\t\t<\/div>\n\t\t<div id=\"e-n-tab-content-1861453854\" role=\"tabpanel\" aria-labelledby=\"e-n-tab-title-1861453854\" data-tab-index=\"4\" style=\"--n-tabs-title-order: 4;\" class=\" elementor-element elementor-element-902b580 e-con-full e-grid e-con e-child\" data-id=\"902b580\" data-element_type=\"container\" data-e-type=\"container\">\n\t\t\t\t<div class=\"elementor-element elementor-element-e1179c2 elementor-position-top animated-slow elementor-position-top elementor-invisible elementor-widget elementor-widget-image-box\" data-id=\"e1179c2\" data-element_type=\"widget\" data-e-type=\"widget\" data-settings=\"{&quot;_animation&quot;:&quot;fadeIn&quot;,&quot;_animation_delay&quot;:300}\" data-widget_type=\"image-box.default\">\n\t\t\t\t<div class=\"elementor-widget-container\">\n\t\t\t\t\t<div class=\"elementor-image-box-wrapper\"><figure class=\"elementor-image-box-img\"><img loading=\"lazy\" decoding=\"async\" width=\"482\" height=\"800\" src=\"https:\/\/clinicadramarinadiniz.com.br\/wp-content\/uploads\/2025\/07\/WhatsApp-Image-2025-07-15-at-12.10.18.jpeg\" class=\"attachment-full size-full wp-image-466\" alt=\"\" srcset=\"https:\/\/clinicadramarinadiniz.com.br\/wp-content\/uploads\/2025\/07\/WhatsApp-Image-2025-07-15-at-12.10.18.jpeg 482w, https:\/\/clinicadramarinadiniz.com.br\/wp-content\/uploads\/2025\/07\/WhatsApp-Image-2025-07-15-at-12.10.18-181x300.jpeg 181w\" sizes=\"(max-width: 482px) 100vw, 482px\" \/><\/figure><div class=\"elementor-image-box-content\"><h3 class=\"elementor-image-box-title\">Lipo de Papada<\/h3><p class=\"elementor-image-box-description\">Remo\u00e7\u00e3o de gordura da papada, defini\u00e7\u00e3o e rejuvenescimento em at\u00e9 2 horas<\/p><\/div><\/div>\t\t\t\t<\/div>\n\t\t\t\t<\/div>\n\t\t\t\t<div class=\"elementor-element elementor-element-725e596 elementor-position-top animated-slow elementor-position-top elementor-invisible elementor-widget elementor-widget-image-box\" data-id=\"725e596\" data-element_type=\"widget\" data-e-type=\"widget\" data-settings=\"{&quot;_animation&quot;:&quot;fadeIn&quot;,&quot;_animation_delay&quot;:300}\" data-widget_type=\"image-box.default\">\n\t\t\t\t<div class=\"elementor-widget-container\">\n\t\t\t\t\t<div class=\"elementor-image-box-wrapper\"><figure class=\"elementor-image-box-img\"><img loading=\"lazy\" decoding=\"async\" width=\"480\" height=\"815\" src=\"https:\/\/clinicadramarinadiniz.com.br\/wp-content\/uploads\/2025\/07\/WhatsApp-Image-2025-07-15-at-12.08.55.jpeg\" class=\"attachment-full size-full wp-image-465\" alt=\"\" srcset=\"https:\/\/clinicadramarinadiniz.com.br\/wp-content\/uploads\/2025\/07\/WhatsApp-Image-2025-07-15-at-12.08.55.jpeg 480w, https:\/\/clinicadramarinadiniz.com.br\/wp-content\/uploads\/2025\/07\/WhatsApp-Image-2025-07-15-at-12.08.55-177x300.jpeg 177w\" sizes=\"(max-width: 480px) 100vw, 480px\" \/><\/figure><div class=\"elementor-image-box-content\"><h3 class=\"elementor-image-box-title\">Lipo de Papada<\/h3><p class=\"elementor-image-box-description\">Remo\u00e7\u00e3o de gordura da papada, defini\u00e7\u00e3o e rejuvenescimento em at\u00e9 2 horas<\/p><\/div><\/div>\t\t\t\t<\/div>\n\t\t\t\t<\/div>\n\t\t\t\t<\/div>\n\t\t\t\t\t<\/div>\n\t\t<\/div>\n\t\t\t\t\t\t<\/div>\n\t\t\t\t<\/div>\n\t\t\t\t\t<\/div>\n\t\t\t\t<\/div>\n\t\t<div class=\"elementor-element elementor-element-efbab3e e-flex e-con-boxed e-con e-parent\" data-id=\"efbab3e\" data-element_type=\"container\" data-e-type=\"container\">\n\t\t\t\t\t<div class=\"e-con-inner\">\n\t\t\t\t<div class=\"elementor-element elementor-element-57e64dc elementor-align-center elementor-widget elementor-widget-button\" data-id=\"57e64dc\" data-element_type=\"widget\" data-e-type=\"widget\" data-widget_type=\"button.default\">\n\t\t\t\t<div class=\"elementor-widget-container\">\n\t\t\t\t\t\t\t\t\t<div class=\"elementor-button-wrapper\">\n\t\t\t\t\t<a class=\"elementor-button elementor-button-link elementor-size-sm elementor-animation-grow\" href=\"https:\/\/wa.me\/message\/LI7XDE3SQXQQJ1\" target=\"_blank\" rel=\"nofollow\">\n\t\t\t\t\t\t<span class=\"elementor-button-content-wrapper\">\n\t\t\t\t\t\t<span class=\"elementor-button-icon\">\n\t\t\t\t<svg aria-hidden=\"true\" class=\"e-font-icon-svg e-fab-whatsapp\" viewBox=\"0 0 448 512\" xmlns=\"http:\/\/www.w3.org\/2000\/svg\"><path d=\"M380.9 97.1C339 55.1 283.2 32 223.9 32c-122.4 0-222 99.6-222 222 0 39.1 10.2 77.3 29.6 111L0 480l117.7-30.9c32.4 17.7 68.9 27 106.1 27h.1c122.3 0 224.1-99.6 224.1-222 0-59.3-25.2-115-67.1-157zm-157 341.6c-33.2 0-65.7-8.9-94-25.7l-6.7-4-69.8 18.3L72 359.2l-4.4-7c-18.5-29.4-28.2-63.3-28.2-98.2 0-101.7 82.8-184.5 184.6-184.5 49.3 0 95.6 19.2 130.4 54.1 34.8 34.9 56.2 81.2 56.1 130.5 0 101.8-84.9 184.6-186.6 184.6zm101.2-138.2c-5.5-2.8-32.8-16.2-37.9-18-5.1-1.9-8.8-2.8-12.5 2.8-3.7 5.6-14.3 18-17.6 21.8-3.2 3.7-6.5 4.2-12 1.4-32.6-16.3-54-29.1-75.5-66-5.7-9.8 5.7-9.1 16.3-30.3 1.8-3.7.9-6.9-.5-9.7-1.4-2.8-12.5-30.1-17.1-41.2-4.5-10.8-9.1-9.3-12.5-9.5-3.2-.2-6.9-.2-10.6-.2-3.7 0-9.7 1.4-14.8 6.9-5.1 5.6-19.4 19-19.4 46.3 0 27.3 19.9 53.7 22.6 57.4 2.8 3.7 39.1 59.7 94.8 83.8 35.2 15.2 49 16.5 66.6 13.9 10.7-1.6 32.8-13.4 37.4-26.4 4.6-13 4.6-24.1 3.2-26.4-1.3-2.5-5-3.9-10.5-6.6z\"><\/path><\/svg>\t\t\t<\/span>\n\t\t\t\t\t\t\t\t\t<span class=\"elementor-button-text\">Agendar Consulta<\/span>\n\t\t\t\t\t<\/span>\n\t\t\t\t\t<\/a>\n\t\t\t\t<\/div>\n\t\t\t\t\t\t\t\t<\/div>\n\t\t\t\t<\/div>\n\t\t\t\t\t<\/div>\n\t\t\t\t<\/div>\n\t\t<div class=\"elementor-element elementor-element-9058622 e-flex e-con-boxed e-con e-parent\" data-id=\"9058622\" data-element_type=\"container\" data-e-type=\"container\">\n\t\t\t\t\t<div class=\"e-con-inner\">\n\t\t\t\t\t<\/div>\n\t\t\t\t<\/div>\n\t\t\t\t<\/div>\n\t\t","protected":false},"excerpt":{"rendered":"<p>Especialidades Cuidados Personalizados para Sua Beleza Harmoniza\u00e7\u00e3o Facial Tratamentos Faciais Lavieen Lipo CIrurgica De Papada Rinomodela\u00e7\u00e3o Procedimento minimamente invasivo que remodela o nariz sem cirurgia, utilizando \u00e1cido hialut\u00f4nico. Preenchimento Labial Procedimento minimamente invasivo onde atrav\u00e9s do acido hialur\u00f4nico s\u00e3o melhorados volume, contorno e hidrata\u00e7\u00e3o, trazendo mais propor\u00e7\u00e3o a sua face. Protocolo M3D Preenchimento de mento(queixo), [&hellip;]<\/p>\n","protected":false},"author":1,"featured_media":0,"parent":0,"menu_order":0,"comment_status":"closed","ping_status":"closed","template":"elementor_header_footer","meta":{"_joinchat":[],"footnotes":""},"class_list":["post-15","page","type-page","status-publish","hentry"],"_links":{"self":[{"href":"https:\/\/clinicadramarinadiniz.com.br\/index.php\/wp-json\/wp\/v2\/pages\/15","targetHints":{"allow":["GET"]}}],"collection":[{"href":"https:\/\/clinicadramarinadiniz.com.br\/index.php\/wp-json\/wp\/v2\/pages"}],"about":[{"href":"https:\/\/clinicadramarinadiniz.com.br\/index.php\/wp-json\/wp\/v2\/types\/page"}],"author":[{"embeddable":true,"href":"https:\/\/clinicadramarinadiniz.com.br\/index.php\/wp-json\/wp\/v2\/users\/1"}],"replies":[{"embeddable":true,"href":"https:\/\/clinicadramarinadiniz.com.br\/index.php\/wp-json\/wp\/v2\/comments?post=15"}],"version-history":[{"count":49,"href":"https:\/\/clinicadramarinadiniz.com.br\/index.php\/wp-json\/wp\/v2\/pages\/15\/revisions"}],"predecessor-version":[{"id":511,"href":"https:\/\/clinicadramarinadiniz.com.br\/index.php\/wp-json\/wp\/v2\/pages\/15\/revisions\/511"}],"wp:attachment":[{"href":"https:\/\/clinicadramarinadiniz.com.br\/index.php\/wp-json\/wp\/v2\/media?parent=15"}],"curies":[{"name":"wp","href":"https:\/\/api.w.org\/{rel}","templated":true}]}}